140*x + 14 + 132*x. Give u(-4).
-10
Let u(j) = 124*j**2 + 5*j + 1. Let s(o) = 614*o**2 + 29*o + 5. Let w(r) = 2*s(r) - 11*u(r). Determine w(1).
-134
Let q(d) = -83*d**3 - 9*d**2 - 10*d + 10. Let y(o) = 54*o**3 + 6*o**2 + 7*o - 7. Let l(x) = -5*q(x) - 7*y(x). What is l(1)?
40
Let t(k) = 26*k - 12. Let j(f) = 4*f - 2. Let d(b) = -6*j(b) + t(b). Let p be 1 - (-3 - -1)/(-2). Determine d(p).
0
Suppose -3*s + j + 319 = 320, 2*s = 4*j + 6. Let i(u) = -6*u**2 - 5*u - 6. Give i(s).
-7
Let m(c) = -17*c**2 - 16*c - 58. Let r(f) = 15*f**2 + 13*f + 56. Let k(i) = -8*m(i) - 9*r(i). Give k(-14).
2
Let f(x) = 14*x + 269. Let i be f(-19). Suppose -6*u - 4*r = -11*u - i, -5*u = r + 18. Let b(s) = -s**3 - 6*s**2. Determine b(u).
-27
Suppose 2*f - 178 = -168. Let v(j) = -j**3 + j**2 + 20*j + 3. Give v(f).
3
Let x(z) = -10*z**2 - 55*z + 86*z**3 - 85*z**3 + 66*z + 4. Let w(q) = q**2 + 9*q - 81. Let o be w(-15). Calculate x(o).
22
Let j(n) = -5*n + 3*n + 0*n - 3*n + 913168 - 913167. What is j(14)?
-69
Let c(s) be the first derivative of -s**4/4 - 4*s**3/3 - 2*s**2 - 4*s + 155. Let h = -27 - -29. Suppose -3*a - 6 = 2*t, -h*t + 12 = -6*t - 4*a. What is c(t)?
-1
Suppose 0*n = -3*v + 5*n - 34, 0 = -2*v - n - 1. Suppose a - 4*k + 15 = 0, -36*a + 31*a + k = -1. Let y(l) = -a + 5 + 355*l - 352*l. What is y(v)?
-5
Let l(u) = -2*u - 7. Suppose 0*h + 5*h + k - 4 = 0, -3*h + 2*k = -5. Suppose 12*j - h = -13. Let v(w) = w + 1. Let p(n) = j*l(n) - v(n). What is p(-7)?
-1
Let p(i) = 3*i + 2. Suppose 5*n - 70 + 52 = 2*j, 0 = -5*j - 3*n - 45. What is p(j)?
-25
Let w be 3 + 2/(-2) + -16. Let s = w - -15. Let b(m) = -12*m + 5. Let v(x) = -23*x + 9. Let o(z) = -7*b(z) + 4*v(z). What is o(s)?
-7
Let v(n) = n**3 - 26*n**2 + 43*n + 25. Let a(d) = -2*d**3 + 48*d**2 - 86*d - 44. Let p(i) = -3*a(i) - 5*v(i). Calculate p(8).
-33
Suppose 88*n - 120*n - 224 = 0. Let y(p) = -p + 9. Give y(n).
16
Let j be 4/(-6)*((-63)/14)/1. Let p(h) = 7787*h**3 + 5*h - 7788*h**j + 5*h**2 - 2 - 1. Give p(6).
-9
Let z(u) = -5*u**2 - 4*u - 2. Let g(b) = -29*b - 730. Let o be g(-25). Give z(o).
-107
Let f = 5845 - 5851. Let u(q) = -9*q - 5. Give u(f).
49
Let i(s) = -s**3 - 75*s + 4 + 6*s**3 - 4*s**3 + 80*s + 4*s**2 - 3. Determine i(-3).
-5
Let s(u) = 4*u - 74. Suppose 97*z = 78*z + 361. Calculate s(z).
2
Let j(q) = 29*q + 7*q**3 - 5*q**2 - 10*q**2 - 53*q + 15*q - 15. Let r(g) = -3*g**3 + 7*g**2 + 4*g + 7. Let o(c) = -4*j(c) - 9*r(c). Calculate o(-3).
-3
Let d(w) = -6*w**3 - 5*w**2 + 8*w + 2. Let t(q) = 7*q**3 + 7*q**2 - 10*q - 3. Let i = 475 + -469. Let r(n) = i*d(n) + 5*t(n). Calculate r(5).
-13
Let o(h) = h + h**3 - 1 - 8*h**2 + 8*h**2. Let z(l) be the third derivative of l**5/30 + 5*l**4/6 + 8*l**3/3 + 13*l**2 + 1. Let x be z(-9). What is o(x)?
-11
Let g = -110 - -38. Let y be (g/(-32))/((-2)/(-8)). Let w = y - 7. Let k(d) = -3*d - 2. Give k(w).
-8
Suppose 0*p - 2*o - 1218 = -5*p, o = -4. Let w = p - 237. Let i(k) be the first derivative of -k**4/4 + 4*k**3/3 + 7*k**2/2 - 7*k - 1. Give i(w).
3
Let y(z) = -2*z + 4. Let f = 34 + -31. Suppose 2*i - 2 = 0, -2*r - 57 = -5*r - f*i. Suppose r*m - 6 = 17*m. Calculate y(m).
-8
Suppose 8 = 4*u + 4*x, -4*u + 3*u = 5*x + 14. Suppose -2*t - c = -1, -t - 2*c - 25 = -u*t. Let g be 10/(-3 - -8) - t. Let z(b) = -2*b - 1. Calculate z(g).
1
Let t(n) = -n**3 + 2*n + 4. Suppose -3*h - 2 = y, -32*h + 29*h = 3*y + 6. Determine t(y).
8
Let x(z) = -9*z + 110. Suppose -234 = -108*o + 1062. Calculate x(o).
2
Suppose 0*l = -2*l - d + 21, -3*l + 28 = 5*d. Suppose h = 2*c - l, 4*h + 16 = -0*c + 4*c. Let w(v) = -5*v**2 + 11*v**2 + 4*v**3 - c*v**2. What is w(1)?
3
Let g(x) be the second derivative of 1/6*x**3 + 1/2*x**5 + 16 - 1/12*x**4 - 2*x - 1/2*x**2. What is g(1)?
9
Let l(m) = -m - 30*m**2 + 8 - 3*m**2 + 36*m**2 - 10. Determine l(-1).
2
Let k(d) be the third derivative of d**7/120 - 41*d**3/2 + 5*d**2 - 17*d. Let t(g) be the first derivative of k(g). Give t(-1).
-7
Let m(c) = c**2 - 11*c + 17. Let v be m(9). Let k(f) = -4*f**3 + f**2 - 10. Let r(b) = b**3 + b**2 + 1. Let x(q) = v*k(q) - 5*r(q). Give x(-6).
5
Let x(c) be the third derivative of -5*c**4/24 - 59*c**3/6 - c**2 + 2*c + 90. Determine x(-13).
6
Let o(b) be the third derivative of b**6/360 + b**5/40 - 13*b**4/24 + 3*b**3 + 2*b**2 - 53. Let t(r) be the first derivative of o(r). What is t(-6)?
5
Let x(q) be the first derivative of -q**4/12 - 5*q**3/2 + 165*q**2/2 - 227. Let f(k) be the second derivative of x(k). What is f(-14)?
13
Let y(w) = -20 + 29*w**2 - 88*w**2 + 31*w**2 + 29*w**2 + 3*w - 2*w. Determine y(-10).
70
Let z = -26755 - -26739. Let w(y) = 5*y + 57. Calculate w(z).
-23
Let g(j) = j**2 - 2*j - 9. Let b be g(-6). Suppose 5*u + b = 2*z, 51*z = 4*u + 56*z + 18. Let n(k) = -3*k - k + 10 + 9*k. What is n(u)?
-25
Let q(k) be the first derivative of 0*k**2 + 17 + 1/120*k**5 + 1/6*k**4 + 0*k - 17/3*k**3. Let u(r) be the third derivative of q(r). Determine u(-3).
1
Let b(i) = i**2 - 7*i - 5. Suppose -264 = -5*f + 36. Suppose -8*l + 4*l - f = 0. Let g be (1 - (-2)/(-10))*(l - -25). Calculate b(g).
3
Let v be 6/(-2)*2400/450. Let d(u) = -u - 4. Determine d(v).
12
Let f be (11 + -13)/((-2)/(-21)). Let s = -19 - f. Let i(g) = -110 - 2*g + 105 - g**s - 2*g. Give i(-5).
-10
Let z(g) = -12 + 125*g**2 - 227*g**2 + 7*g + 18 + 103*g**2 - 13. Determine z(-10).
23
Suppose 4*c + 10*c = 8*c - 150. Let h(s) = -2*s**2 - 55*s - 123. Determine h(c).
2
Let d = -14 + -96. Let q = -108 - d. Suppose q = -2*b + c, -b + 0*b - 5*c - 23 = 0. Let h(k) = k**2 + 7*k + 1. Give h(b).
-11
Let s(j) be the second derivative of -j**5/20 + 3*j**4/4 - 4*j**3/3 - 2*j**2 - 5177*j. Let h be 2/8 + (-31)/(-4). Determine s(h).
-4
Let c(t) = -t**3 - 4*t**2 + 6*t + 15. Let k be c(-5). Suppose -k*b + 27 - 107 = 0. Let o(h) = -h**2 - 7*h + 7. What is o(b)?
-1
Let v(h) be the second derivative of h**4 + h**3/6 - 20*h. Let u be 4/(-10) + (-28)/5. Let x be (u/(-4))/(3/2). Calculate v(x).
13
Let g be (-2 + 2)/((-2)/1) + 0. Suppose -d + 151 = -4*u + 4*d, u - 3*d + 43 = g. Let k = u - -32. Let t(m) = m**2 + 3*m + 1. Calculate t(k).
-1
Let b(t) = t**2 + 13*t + 38. Suppose 3255*v = 3225*v - 270. What is b(v)?
2
Let m = -82 + 79. Let g(h) = -63*h + 7. Let x(w) = 50*w - 6. Let r(d) = -3*g(d) - 4*x(d). Give r(m).
36
Let o be (-132)/352 - 536/(-64). Let x(j) = -2*j**2 + 19*j - 5. Determine x(o).
19
Let z(s) = 11*s - 1. Suppose -114*d + 41*d = -438. Calculate z(d).
65
Suppose 264 = -6*p - 480. Let v = p - -149. Let a(d) = 26*d**3 + 7*d - v*d**3 + 0 + 4 + 6*d**2. Give a(-5).
-6
Let j(o) = 499*o + 20471. Let v be j(-41). Let n(d) be the third derivative of -d**6/120 + 11*d**5/60 + 13*d**4/24 + d**2. Determine n(v).
12
Let q(s) = 487*s - 8 + 323*s - 808*s. Let b be (-51)/(-7) - (-6)/(-21). Give q(b).
6
Let b(n) = 39*n - 7. Let f(t) be the second derivative of 13*t**3/3 - 5*t**2/2 - 77*t. Let u(a) = 5*b(a) - 7*f(a). What is u(-1)?
-13
Let b(l) be the second derivative of 3*l**3/2 + 58*l**2 + 1770*l. Give b(-13).
-1
Let x(z) be the first derivative of -z**3/3 - 4*z**2 - 7*z - 2. Suppose -7*n = -n - 98 + 146. Give x(n).
-7
Let r(w) = w**3 - 7*w**2 + 8*w - 8. Let s be -15*(4 + 66/(-18)). Let u be (s/2)/(98/(-12) - -8). Let t be 10*((3 - 51/u) + 1). Determine r(t).
4
Let h(y) = -4*y**3 + 8*y**2 - 15*y + 40. Let z(i) = 17*i**3 - 32*i**2 + 58*i - 160. Let o(n) = -13*h(n) - 3*z(n). Determine o(6).
14
Let b(t) = 24*t + 12. Suppose 192*z - 190*z + 21 = 3*m, 4*m - 2*z - 28 = 0. Give b(m).
180
Let k(x) = 11*x**3 - x**2 + x. Suppose -9*w + 13 = -4*y - 10*w, y - 3*w = 13. Let b be 1/(3/(-6)) - (y + -1). Give k(b).
11
Let q(u) = -94 + 340 - 5*u - 108 - 88. Determine q(9).
5
Let m(k) be the second derivative of k**5/20 - k**4 + 7*k**3/3 - 553*k. Calculate m(10).
-60
Let j be 4 - (10/5 - 3). Suppose -v = j*v. Let d be v*(4/1 + -3). Let h(y) = -y**3 + y**2 - y. What is h(d)?
0
Let r(q) = 11*q + 4*q**3 + 108 - 3*q**3 - 13*q**2 - 93. Give r(12).
3
Let i(w) = 13*w**2 - 4*w - 12. Let b(q) = -11*q**2 + 4*q + 10. Let o(v) = 7*b(v) + 6*i(v). Calculate o(-5).
3
Let l(c) be the second derivative of 37*c**5/20 - c**4/6 - c**3/2 + 2*c**2 - 287*c - 4. Give l(1).
36
Let w(u) = -u + 0*u - 146 + 145. Let t(o) = o**3 + 3*o**2 - 2. Let l be t(-2). Let x(q) = -12*q**3 + 2*q + 1. Let s(i) = l*w(i) + x(i). Give s(-1).
11
